se
Is 284895179 composite?
False
Is 44996294207 a prime number?
True
Is 3979668841 composite?
True
Is 45254447179 prime?
False
Is 690347381 a composite number?
True
Is 2668638703 a composite number?
True
Is 21662510093 a prime number?
False
Is 26002063829 prime?
False
Is 44413667827 prime?
False
Is 3142921177 a prime number?
False
Is 3006347503 a prime number?
False
Is 155370379 a prime number?
True
Is 437106029 composite?
False
Is 2582569703 a prime number?
False
Is 83335238611 a composite number?
False
Is 190675501 a composite number?
True
Is 594118094 prime?
False
Is 9968141941 a composite number?
True
Is 10762290397 a prime number?
False
Is 16718761 a prime number?
False
Is 3621362527 composite?
True
Is 7012870529 a composite number?
True
Is 5037375749 a prime number?
False
Is 12077976523 a composite number?
False
Is 214703903 a prime number?
True
Is 397957249 prime?
False
Is 238972843 a composite number?
False
Is 731012747 a composite number?
False
Is 18687553117 a composite number?
True
Is 26403954947 prime?
True
Is 12259379095 prime?
False
Is 391370597 a prime number?
False
Is 71358019 prime?
True
Is 581208349 composite?
False
Is 10246980169 a composite number?
False
Is 283808479 a composite number?
False
Is 9719389901 composite?
True
Is 258228833 a composite number?
False
Is 13608223997 a prime number?
True
Is 19514256379 composite?
False
Is 30667811311 prime?
True
Is 71600748991 a composite number?
True
Is 114526777 prime?
True
Is 10318379579 a prime number?
False
Is 7867150471 a prime number?
True
Is 9843002087 a composite number?
True
Is 53165781733 prime?
True
Is 11087198959 composite?
False
Is 8929805323 a composite number?
False
Is 9767443813 a composite number?
False
Is 1403433289 a composite number?
False
Is 48657471197 a prime number?
True
Is 3638882239 composite?
False
Is 22364478655 prime?
False
Is 2698372531 a prime number?
True
Is 1420381759 a prime number?
True
Is 1819711337 a prime number?
True
Is 25332571633 prime?
True
Is 34524010931 composite?
False
Is 863619373 prime?
True
Is 28612169827 a prime number?
False
Is 1012845949 prime?
True
Is 14767191485 a composite number?
True
Is 29908847 composite?
True
Is 818726717 a composite number?
False
Is 105964203043 a composite number?
True
Is 19281598979 composite?
True
Is 17493943417 a composite number?
False
Is 12875579929 composite?
True
Is 62443559 a composite number?
False
Is 21573910049 a prime number?
True
Is 3545100971 a composite number?
True
Is 2639168971 a prime number?
False
Is 2588606287 a composite number?
False
Is 77454702791 a prime number?
False
Is 4380391999 a prime number?
False
Is 126668719 a prime number?
True
Is 1711297457 a composite number?
False
Is 1596060653 composite?
True
Is 5496710899 composite?
False
Is 4693537397 prime?
False
Is 3202347641 a composite number?
True
Is 31880653529 a composite number?
False
Is 104779709 a prime number?
False
Is 16180447657 a composite number?
True
Is 56045975087 prime?
False
Is 2376051253 a composite number?
True
Is 6148781363 composite?
False
Is 71187030457 composite?
True
Is 1576689019 composite?
False
Is 2396712821 a prime number?
True
Is 631859447 prime?
True
Is 2302722113 prime?
True
Is 12401538223 prime?
True
Is 2518372547 a prime number?
True
Is 404689561 prime?
False
Is 373874009 a prime number?
True
Is 28551731249 a prime number?
False
Is 1230560367 a composite number?
True
Is 7898090551 a composite number?
True
Is 449650841 composite?
False
Is 350058503 prime?
False
Is 11652078901 prime?
True
Is 1927729343 prime?
True
Is 13642097737 composite?
True
Is 16930153063 composite?
True
Is 100610672441 a prime number?
False
Is 79816497817 composite?
True
Is 9150425741 prime?
False
Is 502634543 composite?
False
Is 172709651 a prime number?
True
Is 2831042429 composite?
True
Is 1018335581 a prime number?
False
Is 5224309333 a prime number?
False
Is 1149843983 a composite number?
False
Is 16093921357 a composite number?
False
Is 49569140321 composite?
False
Is 4710449 a composite number?
True
Is 57174847 a composite number?
True
Is 1929019657 prime?
True
Is 340824719 a prime number?
False
Is 46436355919 a composite number?
False
Is 1585256119 prime?
True
Is 60260615557 a composite number?
False
Is 60314536523 a prime number?
False
Is 14177187647 a composite number?
True
Is 16064164151 prime?
False
Is 3385875047 prime?
False
Is 5891754109 composite?
False
Is 2845245701 a prime number?
False
Is 6378555809 a prime number?
True
Is 1684954513 composite?
True
Is 33124398343 a composite number?
True
Is 6425240177 prime?
True
Is 519627257993 composite?
True
Is 16846782143 composite?
True
Is 5717119201 composite?
False
Is 755268611 prime?
True
Is 3162890437 a prime number?
False
Is 62427583003 prime?
True
Is 7890800479 composite?
True
Is 1242547637 a composite number?
True
Is 183405077 a composite number?
True
Is 102185261041 prime?
True
Is 876918863 a prime number?
False
Is 93982429 a composite number?
True
Is 552387107 prime?
True
Is 25253104589 prime?
True
Is 178028089 a prime number?
False
Is 210109586003 prime?
False
Is 3479268607 a prime number?
True
Is 1120292297 a composite number?
False
Is 987182443 a composite number?
True
Is 105708209 composite?
True
Is 72493273 a composite number?
False
Is 1897539341 composite?
False
Is 10135181107 prime?
True
Is 2547847669 prime?
False
Is 217633037 composite?
False
Is 2208260717 prime?
False
Is 1727779181 composite?
False
Is 313539283 a prime number?
True
Is 1549005091 composite?
True
Is 15874124557 composite?
True
Is 1156403873 prime?
False
Is 4521043847 composite?
True
Is 5077473923 prime?
True
Is 152761805519 prime?
False
Is 12408070277 a composite number?
True
Is 73230668759 prime?
False
Is 189348840047 composite?
False
Is 67378669 a prime number?
False
Is 1058919767 composite?
True
Is 23438256749 a composite number?
True
Is 4505778601 a composite number?
False
Is 13988511109 prime?
False
Is 255349587781 a prime number?
True
Is 15679560521 a prime number?
False
Is 50492328629 a prime number?
True
Is 808141043 a prime number?
True
Is 1244918509 prime?
True
Is 9691091059 a prime number?
False
Is 469593823 prime?
True
Is 15195781 prime?
False
Is 2169984373 prime?
True
Is 3669816691 a prime number?
False
Is 4202164385 a composite number?
True
Is 341474779 a prime number?
True
Is 470896883 prime?
True
Is 15545557922 composite?
True
Is 729410069 a composite number?
False
Is 2632687067 composite?
True
Is 5232848713 composite?
False
Is 116062393129 a prime number?
True
Is 156419 a prime number?
True
Is 20435962951 a prime number?
False
Is 4108580219 a composite number?
False
Is 1213235347 a composite number?
True
Is 856011577 a composite number?
True
Is 2707062667 a prime number?
False
Is 438740639 a composite number?
False
Is 74564876831 composite?
False
Is 14298880873 composite?
True
Is 222355691 a prime number?
False
Is 10081585847 composite?
False
Is 17775701563 composite?
True
Is 389398291 a composite number?
False
Is 725074679 composite?
True
Is 2767711159 prime?
False
Is 743004391 a prime number?
True
Is 97465850611 a prime number?
True
Is 2464000919 a composite number?
False
Is 54865955031 prime?
False
Is 1988650241 a prime number?
True
Is 2509061221 a composite number?
False
Is 299938651 a composite number?
False
Is 21844934191 prime?
False
Is 66072458609 composite?
True
Is 8325696403 a prime number?
True
Is 4282267387 a composite number?
True
Is 144396201 prime?
False
Is 424255211 composite?
False
Is 66177953 composite?
False
Is 5339204137 a composite number?
True
Is 669837811 a composite number?
True
Is 1621972799 prime?
False
Is 91120013 a prime number?
False
Is 10469300141 prime?
False
Is 36490238447 prime?
False
Is 107662962455 a composite number?
True
Is 28332012563 a prime number?
False
Is 82747828741 prime?
False
Is 27128904527 a prime number?
True
Is 63880359979 composite?
False
Is 1134203321 a composite number?
False
Is 2930115737 composite?
False
Is 597463187 a composite number?
True
Is 590237171 composite?
False
Is 26440013093 a prime number?
False
Is 170677910303 composite?
True
Is 121415343963 composite?
True
Is 1022231081431 prime?
False
Is 802775269 prime?
True
Is 1813917055 a prime number?
False
Is 5139342251 prime?
False
Is 653296354 a prime number?
Fa